 c?
2
Suppose 0 = 3*d - 4*d + 130. Suppose -3*h - d = 2*h. Let q = h - -56. What is the tens digit of q?
3
Let c be -3*(-1)/(-1) - 5. Let z be c/(-10)*(-5)/(-2). Suppose f - 4*f + 67 = z*d, 0 = 2*f + 4*d - 50. What is the tens digit of f?
2
Let l = -974 + 1272. What is the units digit of l?
8
Let g(v) = -8*v - 13. Let w be g(-1). Let k(m) = -14*m - 8. Let s(r) = -r. Let h(j) = 2*k(j) - 20*s(j). What is the units digit of h(w)?
4
Let d = -1 - -1. Suppose -5*o + 127 = -i, 2*o + 2*i - 58 = -d*i. What is the units digit of o?
6
Let y = 73 - 166. Let m = y - -129. What is the tens digit of m?
3
Suppose -2*i + 5*r - 113 = 0, 5*r + 365 = -5*i + 30. Let q = -47 - i. What is the tens digit of q?
1
Let g(i) = -i**2 + 72*i - 210. What is the tens digit of g(59)?
5
Let c(o) be the third derivative of -o**6/120 - o**5/30 + o**4/8 + o**3/3 - o**2. Let r be c(-3). Let j = 10 - r. What is the units digit of j?
8
Let v = -264 - -856. What is the hundreds digit of v?
5
What is the hundreds digit of -1*(4 + (-2240 - (5 - 2)))?
2
Let i = 736 - 496. What is the tens digit of i?
4
Suppose 0 = n + 3*c + 24 - 138, 2*n + 3*c - 219 = 0. Let f = n + -53. What is the tens digit of f?
5
Let f(p) = 2*p**2 + 6*p - 4. Let y be f(-4). Let k(v) = 20*v - 10. What is the units digit of k(y)?
0
Suppose -5*n + 0*v + 1012 = -4*v, 0 = 4*n - 5*v - 815. Suppose q - n = -3*q. What is the units digit of q?
0
Let y be -3 + 0 - (-2 + 1). Let m(n) = 3*n**3 - 7*n**2 + 5*n**2 - 4*n**3 - 2*n**3 - 3 - 2*n. What is the tens digit of m(y)?
1
Let k be (160/(-24))/10*(0 + 6). What is the units digit of (k/(-3))/((-2)/(-33))?
2
Let v = -9 + 9. Suppose -4*t + r = -v*r - 835, -4*r + 1070 = 5*t. What is the hundreds digit of t?
2
Let o be ((-9)/(45/50))/(-2). Suppose o*f - 4*t - 18 = 0, 2*f - t + 8 = 7*f. Suppose -2*x = f*x - 212. What is the tens digit of x?
5
Let v(y) = -y + 8*y + 5*y**2 + 8*y - y**3 - 12*y - 12. What is the units digit of v(4)?
6
Suppose 5*y = 3*l + 20, 6*y - 2*y - 16 = -3*l. Let c(b) = -b**2 - b + 12. Let f be c(l). What is the units digit of (1 + (-2)/(-6))*f?
6
Suppose -2*m - o = -714 - 588, -m + 665 = -3*o. What is the hundreds digit of m?
6
Suppose 5*f - 42 = -12. What is the tens digit of f/(-21) + (-450)/(-7)?
6
Suppose -6*z + 3*z = -135. Suppose -3*f - 14 = -4*y - z, y - 4*f = -11. What is the units digit of 62 + y/((-14)/(-6))?
9
Suppose 7155 = 5*b + 5*d, -5*d + 5728 = 7*b - 3*b. What is the hundreds digit of b?
4
Suppose -16*b = 16*b - 21504. What is the hundreds digit of b?
6
Suppose 1635 = 3*a + q - 5*q, -2754 = -5*a - 3*q. What is the units digit of a?
9
Suppose -56*t + 20 = -52*t. Suppose f = t*l + 163, -f + 652 = 3*f - 3*l. What is the tens digit of f?
6
Suppose -v + 470 + 158 = -5*u, 4*v = u + 2455. What is the hundreds digit of v?
6
Suppose -9*r = -10*r - 98. What is the hundreds digit of r/(4/(-4)) + 3?
1
Let x(i) = 2*i**2 - 27*i + 96. What is the units digit of x(23)?
3
Let b = 4403 + -592. What is the units digit of b?
1
Suppose 0 = -4*l - 2 + 22. Let z(t) = 2*t**3 - 5*t**2 - 8*t - 1. What is the units digit of z(l)?
4
Let y(m) = -m**3 + 19*m**2 - 20*m + 33. Let s be y(18). Let f(i) = -7*i + 3*i - 3 + 7 - 3. What is the tens digit of f(s)?
1
Let l be (28/(-8))/7*-34. Suppose -6*b = -l*b + 836. What is the tens digit of b?
7
Let p(c) = c**2 - 2*c + 287. Let h(s) = -s**3 + 8*s**2 - 12*s. Let m be h(6). What is the units digit of p(m)?
7
Let d = 11 + -6. Suppose d*q + 3*x = 110, 4 + 6 = 2*x. What is the units digit of q?
9
Let g = -26 - -45. Let h = g + -14. Let f(l) = l**3 - 5*l**2 + 3*l - 4. What is the units digit of f(h)?
1
Let u = -517 - -837. What is the hundreds digit of u?
3
What is the tens digit of 2465/3 + (-204)/(-153)?
2
Let b = -20 - -24. Suppose u - 4*u = 5*w - 177, -b*u - 2*w + 222 = 0. What is the tens digit of u?
5
Suppose -i = -2*o - 131 - 110, o = -5*i + 1183. What is the units digit of i?
7
Let g = 0 - -8. Let x(a) = 2*a + 6. What is the tens digit of x(g)?
2
Suppose -2*t + 6 = 0, 4*o - 3*o + 4*t - 14 = 0. Suppose -3*r - 2*v + 140 = 0, -3*v - o = -2*v. What is the tens digit of r?
4
Suppose 0 = 5*x - 4*k - 6441 - 11865, 0 = -4*x + k + 14647. What is the hundreds digit of x?
6
Let q(b) = -b**2. Suppose -10 = -5*y + 5*p, y = -0*y + 3*p + 8. Let s(u) = -5*u**2 + 2*u. Let n(x) = y*s(x) + 4*q(x). What is the tens digit of n(8)?
4
Suppose -5*j - y + 15 = -6*y, 4*y - 6 = j. Let h(o) be the third derivative of 7*o**4/24 + 7*o**3/3 - 23*o**2. What is the units digit of h(j)?
6
Suppose -d = 2*a - 2, -5*d + a = 4*a - 38. Let v = 12 - d. Suppose 5*n + 7 = z + 3*z, 0 = -v*z + 3*n + 1. What is the units digit of z?
8
Suppose 3*c = b - 445, 7*b + c + 870 = 9*b. What is the hundreds digit of b?
4
Let q(v) = -3 - v + 6*v - 4 + 1. Suppose -8 = -2*t + k + 4*k, 3*t + 4*k = 12. What is the tens digit of q(t)?
1
Suppose 3*a + a = 40. Suppose -7 = y + 3*w + 5, -a = 2*w. Suppose -5*z + 3*k + 35 + 82 = 0, -y*z - k = -73. What is the units digit of z?
4
Suppose -18*y + 5917 = -4055. What is the tens digit of y?
5
Let t = -8 - -13. Suppose -19 = -t*c + 1. What is the tens digit of 58/4 + (-6)/c?
1
Let r = -341 - -509. Suppose 2*h - r = -h. Let z = h + -37. What is the units digit of z?
9
Let f be (-152)/((4 - 2) + 6/(-4)). Let a = f + 431. What is the tens digit of a?
2
Suppose -2*p - 16 = -6*p. Suppose p*q = q - 93. Let v = q + 105. What is the units digit of v?
4
Let g = -1145 - -1776. What is the tens digit of g?
3
Let s(f) = -1 - 2 - 3*f**3 + f + 4*f**3 - 6*f. Suppose -27 = -5*n - 7. What is the units digit of s(n)?
1
Let t(x) = 7*x - 6. Let g be t(9). Let h be ((-45)/10)/(-2 - (-87)/48). Let i = g - h. What is the units digit of i?
3
Let z = -5 + -1. What is the units digit of (-297)/z + (-6)/(-4)?
1
Let m(w) = 17*w + 24. Let v be m(9). Let d = -50 + v. What is the hundreds digit of d?
1
Let w(l) = -l**2 + 24*l - 16. Let p be w(7). Let s = p - 85. What is the tens digit of s?
1
Let y(i) = i**3 + 13*i**2 + i + 16. Let r be y(-13). Suppose r*k - 63 = 2*k. What is the tens digit of k?
6
Suppose -465 = -17*c + 22*c. What is the tens digit of (-5 - -1) + (1 - c)?
9
Suppose m + 48 + 10 = 0. Let d = -34 - m. What is the tens digit of d?
2
What is the thousands digit of 0 - (0 + (-2073 - -8))?
2
Let d(o) = -o**3 + 5*o**2 - 3*o + 5. Let g be d(5). Let c(z) = 13*z. Let j be c(1). Let m = j + g. What is the units digit of m?
3
Suppose 4*o = 8*o - 960. Let z = o - 156. Suppose z + 52 = 4*x. What is the units digit of x?
4
Suppose 5*v + 73 = 2*l + 28, 4*v + 20 = 0. Suppose -218 - l = -4*c. What is the tens digit of c?
5
Suppose -3*z + 5*i + 1458 = 500, 913 = 3*z + 4*i. What is the units digit of z?
1
Let t(n) = 2 + 1 - 2*n + 6. Let o be t(4). Let r(i) = 4*i**2 - 3*i + 2. What is the units digit of r(o)?
3
Suppose 1 = r + 3. What is the units digit of 0/r + 150/5?
0
Suppose -2*f - 6*b = -b - 47, f = -4*b + 25. What is the hundreds digit of (-2)/1 - -168 - (f + -21)?
1
Let z(j) = -j**3 + 12*j**2 - 13*j + 10. Let s = -15 - -25. What is the units digit of z(s)?
0
Suppose 10*u + 10 = -20. What is the hundreds digit of (u - 15/(-10)) + (-1430)/(-4)?
3
Let q = 4 - 2. Suppose 9 = q*x + 1. Suppose 0*t = t - x. What is the units digit of t?
4
Let r(v) = -v**2 + 110. Let n be r(0). Let o = 185 - n. What is the units digit of o?
5
Let d = 2307 + -1324. What is the hundreds digit of d?
9
Suppose -4*d - 1824 = -2*v + 638, 3*d - 2490 = -2*v. What is the thousands digit of v?
1
Suppose 0 = i - 4*v - 592, 4*v - 1136 = 2*i - 4*i. What is the tens digit of i?
7
Let y = 6 - 4. Suppose 3*n = 3*m - 105, -6*n - 72 = -y*m - 2*n. What is the units digit of m?
4
Let t(x) = 4*x**3 - 2*x**2 - 2. Suppose 5 = 4*k - 7. Suppose 0*h + 2*h - 5*i = 9, -4*i + 2 = k*h. What is the units digit of t(h)?
2
Suppose -2*x = -4*b - 88, -6*x = -3*x - 3*b - 147. Let l be ((-10)/6)/((-2)/x). What is the units digit of ((-14)/21)/((-1)/l)?
0
What is the tens digit of -2 + (-3 + 364 - -3)?
6
What is the tens digit of 22/264 - (-539)/12?
4
Let d(i) = 4*i**3 + 2*i**2 - i + 4. Let n be d(3). Suppose n = 5*x + 2*v, -3*x + 73 = -3*v + v. What is the tens digit of x?
2
Let h(c) = c**3 + 12*c**2 + 5. Let w = -32 + 20. Let m be h(w). Suppose m*o = 145 + 5. What is the units digit of o?
0
Suppose 10*j - 11*j + 5 = 0. Suppose 0 = -